 Suppose 4*x + 5*p - 4733 = o, 3*x = x + 3*p + 2339. What is the thousands digit of x?
1
Suppose 8*y - 13*y = 0. Suppose y*o - 3*o = 5*a - 1587, 0 = a - o - 311. What is the units digit of a?
5
Suppose -26*y + 24 = -20*y. Let b = -367 + 809. Suppose -3*q + y*s = -s - b, -s - 150 = -q. What is the units digit of q?
4
Suppose 72658 = 4*c - 2*t, c - 9767 - 8415 = 4*t. What is the ten thousands digit of c?
1
What is the thousands digit of (0 + -78)/((-12)/594)?
3
Let j(f) = f**2 - 7*f - 11. Let p be j(10). Let w = p + 4. What is the units digit of w?
3
Let p = 29722 + -21192. What is the tens digit of p?
3
Suppose 3*f + 6*q - 9*q = 188682, -3*q - 18 = 0. What is the thousands digit of f?
2
Let d(f) = -94*f - 2350. What is the hundreds digit of d(-60)?
2
Let f = 17 - -3. Suppose -h = h - f. Let x(s) = 10*s - 11. What is the tens digit of x(h)?
8
Suppose 5*p + 4762 = 1242. Let r = p + 807. What is the hundreds digit of r?
1
What is the tens digit of ((-2804)/(-24)*3/(-2))/(4/(-320))?
2
Let i(t) = -2*t**3 - 118*t**2 - 3*t + 1524. What is the thousands digit of i(-60)?
8
What is the tens digit of (11 + -20)*(-28263)/27?
2
Let u be -1 + (3 - -9 - 5). What is the units digit of (-4 + 11 + u)*21?
3
Let s(r) = 2260*r + 1199. What is the thousands digit of s(15)?
5
Let a(d) = d**3 - 4*d**2 + d - 1. Let x be a(3). What is the units digit of (-360216)/(-504) - 2/x?
5
Suppose -10 = v + 5*z - 7*z, 15 = -3*v + 3*z. Suppose 38*x - 40*x + 1110 = v. What is the tens digit of x?
5
Let o = -66689 - -112750. What is the ten thousands digit of o?
4
Let j be -2 + (-12)/(-5) - 1098/(-5). Let m = 312 - j. What is the units digit of m?
2
Suppose -17*y - 8231632 = -144*y. What is the units digit of y?
6
Let k(p) = 740*p**2 + 6*p - 8. Let w be k(1). Let x = 1532 - w. What is the units digit of x?
4
Let t(h) = 15*h - 2. Let k be t(-1). What is the hundreds digit of (-1541 - 0)*(-18 - k)*1?
5
Suppose 0 = 2*z - 21 - 3. Let i = 7 - z. What is the tens digit of i/(-40)*4*64?
3
Let a(g) = -g + 8. Let m be a(8). Suppose m = -2*p - 9 + 1, 4*c + 4 = -p. Suppose c = -5*q + 2*q + 300. What is the units digit of q?
0
Suppose 0 = -2*m + 2*n + 2804 + 1310, -8246 = -4*m - 5*n. What is the hundreds digit of m?
0
Suppose 133*v - 2340034 = 2775013. What is the ten thousands digit of v?
3
Let j(p) be the first derivative of -195*p**2/2 + 169*p + 17. Let o(q) = 7*q - 6. Let a(r) = -6*j(r) - 169*o(r). What is the units digit of a(-5)?
5
Let r(w) = 11*w**3 - 6*w**2 + 11*w - 62. What is the thousands digit of r(5)?
1
What is the tens digit of (5/(-60)*134)/(14/(-84))?
6
Let o = -191 + 185. What is the hundreds digit of (-956)/(-6) - (-2)/o?
1
Suppose -5*m = 0, -m - 24 = -2*j + 40. Suppose 4717 - 1229 = j*g. What is the hundreds digit of g?
1
Suppose -13*r + 3985 = 202. Suppose -4*c = f - 1197, c = -f - 2*f + r. What is the tens digit of c?
0
What is the thousands digit of (157484/8 - (-3 - (-7)/2)) + 6?
9
Let o(w) = w**3 + 9*w**2 - 14*w - 45. Let b be o(-10). What is the hundreds digit of b - 7/(21/(-2172))?
7
Let w = -397 + 343. What is the units digit of 3426/9 - (-36)/w?
0
Let w(l) = 9*l**2 + 21*l + 39. Let m(k) = k**2 + 2*k + 1. Let p(q) = 15*m(q) - w(q). What is the units digit of p(7)?
3
Let l(p) be the second derivative of 7*p**4/12 - p**3/6 - 112*p + 2. Suppose 0 = 2*h - 4, -5*h + 12 = 3*g - 2*h. What is the units digit of l(g)?
6
Suppose 4*y - 18 = -4*g + 26, -y - 31 = -5*g. Suppose -14*b + g*b = -8316. Suppose 2*l + 7*l = b. What is the tens digit of l?
3
Let s = 350 - 347. Suppose 411 - 52 = s*v - r, 3*r = -v + 113. What is the tens digit of v?
1
Let r be (-2)/(23/25 - (12 + -11)). Let c = -15 + r. Suppose -12*x + c*x + 152 = 0. What is the tens digit of x?
7
Suppose -58*q - 7034 = -60*q - 5*l, 5*q - 2*l = 17556. What is the tens digit of q?
1
Suppose 4*f + 5*q - 826 = -239, -f + 2*q + 163 = 0. What is the tens digit of (-3057)/(-27) + (-34)/f?
1
Suppose -1370 = -5*v - 5*l, 5*v - 9*l = -7*l + 1363. Suppose 307 + v = 5*k. What is the hundreds digit of k?
1
Suppose -2*q + 3683 = 3*o, 0 = -2*q + 4*o + 5673 - 1983. What is the hundreds digit of q?
8
Let p be ((-20)/(-15))/((-1)/3). Let y be (3 + 7/(-2))*(-10 - p). Let s(f) = 11*f - 7. What is the tens digit of s(y)?
2
Let x(k) be the third derivative of 0 - 1/15*k**5 + 0*k - 1/120*k**6 + 5/12*k**4 - 1/2*k**3 + 8*k**2. What is the units digit of x(-6)?
9
Let l(f) = f**2 - 17*f + 4. Suppose -7*a = 3*a + 220. Let o = 2 - a. What is the units digit of l(o)?
2
Suppose 571 - 536 = 7*m. Suppose -2*h + 6 = -0*h. Suppose -k = m*q - 31, 4*k + 3*q - 31 = h*k. What is the units digit of k?
1
Let z = 1126 - 801. Suppose 0 = -2*x + 949 + z. What is the hundreds digit of x?
6
Suppose -117*x = -73*x - 205568. What is the units digit of x?
2
Suppose 0 = 2*g, 10 = n - 0*g + 4*g. Suppose -b + n = 4*b. Suppose -b*x + 11 = -65. What is the tens digit of x?
3
Suppose -31 - 14 = -15*u. Suppose 2 = -2*o, u*m - o = o + 1151. What is the tens digit of m?
8
Suppose -40*y = -2*c - 45*y + 16162, 0 = 4*c - 5*y - 32204. What is the tens digit of c?
6
Let m(u) = u + 19. Let c be m(38). What is the tens digit of 6/c + 3699/57?
6
Let v be (12 - 15)*(-4)/6. Let n(t) = -4 - 2*t**v - 8*t + 4*t**3 - t**3 + 16 - 2*t**3. What is the units digit of n(6)?
8
Let g(k) = 524*k**2 - 17*k + 35. What is the tens digit of g(3)?
0
What is the tens digit of (-33)/(-4) - (-440)/(-55) - 334257/(-12)?
5
Let d = 22738 + -1157. What is the hundreds digit of d?
5
What is the ten thousands digit of 18396/(-56)*302/(-9)?
1
Suppose 228*g - 202*g - 31798 = 0. What is the units digit of g?
3
Let o(j) = 4*j + 52. Let a be o(-13). Suppose 4*u - 1549 - 99 = a. What is the tens digit of u?
1
Suppose 31*h - 41*h + 54422 = 9202. What is the tens digit of h?
2
Suppose -20*l = -24*l + u + 44763, -3*u - 11199 = -l. What is the thousands digit of l?
1
Let m be ((-6)/18)/(3/(-144)). Suppose -5*h - 4*j + 11 = 0, 5*h + 0*j - j = m. Suppose -4*u = h*b - 82, 2*u - 32 = -b + 3*u. What is the tens digit of b?
3
Suppose 4*z = 4*s, -s - 14 = -4*z - 4*s. Suppose 0*t + 1 = 4*o + 5*t, -z*t + 34 = -4*o. What is the units digit of (((-3296)/(-12))/(-4))/(4/o)?
3
Suppose 9124 = 3*q - x - 3107, -q + 3*x = -4069. What is the tens digit of q?
7
Suppose -2*k = 138 + 152. Let u = 404 + k. Suppose 5*i + 2*p = u, -4*i - p = -2*i - 104. What is the tens digit of i?
5
Let a(z) = 27*z + 47. Let f(r) = 19*r + 32. Let w(i) = 5*a(i) - 7*f(i). Let j = 19 + -11. What is the tens digit of w(j)?
2
Suppose -5*k - 9 = -3*s - 0*s, 3*k + 15 = 5*s. Suppose -7*t + 13*t - 7740 = k. Suppose 4*g = -6*g + t. What is the units digit of g?
9
Suppose 5*d + 11494 + 9774 = q, 3*q = 3*d + 63768. What is the ten thousands digit of q?
2
Let y be 28/(-21)*(2 - 161). Suppose 215*x - 2124 = y*x. What is the units digit of x?
8
Let r = 14709 + -9319. What is the thousands digit of r?
5
Let m = 984 + 539. Let y = -893 + m. What is the tens digit of y?
3
Let h(s) = s**2 - 2*s + 13. Let y be h(19). Let x = y - 46. What is the units digit of x?
0
What is the thousands digit of 4*((-14286)/(-4) - 4)?
4
Suppose -b - 2*r = 139, 5*r + 465 = -4*b - 106. Let x = b - -291. What is the units digit of x?
2
Suppose -94*d + 454774 = -1119820. What is the ten thousands digit of d?
1
Let l(f) = 1007*f - 1969. Let x be l(2). Let k be (110 + -1)*(-1 + 2). Let i = k - x. What is the tens digit of i?
6
Let z be (-105)/(-10) - (-2)/(-4). Let p = -7 + z. Suppose 3*j + p*j = 246. What is the units digit of j?
1
Let p = -12307 - -16803. What is the units digit of p?
6
Suppose 19*y - 7822 + 1628 = 0. What is the hundreds digit of y?
3
Let m(t) = -t**2 + 17*t + 21. Let j be m(18). Suppose j*o - g = 1093, 2*g - 369 = -o - 0*o. What is the hundreds digit of o?
3
Suppose 0 = -3*i - 2*m - 10, -2*m + 1 + 19 = -2*i. What is the units digit of (45/(-6) - i)*2 - -959?
6
Suppose -44547 - 359142 + 11529 = -76*w. What is the thousands digit of w?
5
Let v be -1 - -2 - 1 - (-1089 - 7). Suppose 655 = 3*a - 6*j + j, v = 5*a - 4*j. What is the units digit of a?
0
What is the tens digit of ((-10)/210)/(1/(-927387)) - 8/28?
6
Let g be ((-3)/(-2))/((-2 - 2)/40). Let a = 115 - g. What is the hundreds digit of a?
1
Suppose 67*b - 93099 - 277208 - 183649 = 0. What is the thousands digit of b?
8
Let n be (-